l + 3. Suppose -5*a = 4*a + 333. Let f = -96 - a. Let m = 56 + f. Calculate s(m).
0
Let q(r) = 5*r**2 + 17*r + 34. Let g(h) = 2*h**2 + 8*h + 16. Let i(a) = 9*g(a) - 4*q(a). Let z(b) = 3*b**2 + 14*b + 14. Let c be z(-4). Determine i(c).
-40
Let x be 18/(-6)*110/(-10). Let j = 12 + 25. Let a = x - j. Let u(h) = h**3 + 5*h**2 + 3*h + 5. What is u(a)?
9
Suppose 10 = -2*f + 3*g, -4*f - 34 = 41*g - 40*g. Let o(n) = -n**3 - 9*n**2 - 2*n - 15. What is o(f)?
-63
Let i = 368 + -366. Let m(w) = w**3 + w**2 - 6*w + 7. Let z be m(i). Let h(q) = 2*q**2 - 16*q + 12. What is h(z)?
-2
Let s = 132 + -131. Let l be (-16)/(-4) - (18/3 - s). Let f(z) = -3*z + 4. Let a(m) = -m - 1. Let j(t) = 5*a(t) + f(t). Calculate j(l).
7
Let u(a) be the third derivative of a**5/60 + 11*a**4/24 + 2*a**3/3 - 6*a**2. Let p = 2282 - 2293. Calculate u(p).
4
Let m(n) = 2*n**2 + 10*n - 3. Let f(l) = l**2 - 12*l - 454. Let a be f(28). Determine m(a).
9
Suppose 3*c = -4*c + 35. Let p(l) be the first derivative of -6*l - 3/2*l**2 + 21 + 1/3*l**3. Calculate p(c).
4
Let t(z) = -94*z + 573. Let j(q) = -21*q + 129. Let s(d) = -40*j(d) + 9*t(d). Let m(c) = -c**2 + 3*c + 2. Let k = 0 - -4. Let p be m(k). What is s(p)?
9
Let s(t) = 8*t. Let v be s(1). Let y(r) = r**3 - 13*r**2 + 24*r - 12. Let j be y(11). Let o(m) = -2*m + 7*m - j - 5*m + m. What is o(v)?
-2
Suppose 2*q - 4*i = 12, -4*q = -3*i - 7 - 17. Let d(x) = -x**3 + 5*x**2 + 6*x. Give d(q).
0
Let f(b) = -101*b**2 + 96*b**2 + b - b - 2*b - b**3. Suppose 0 = q + 4*n + 8, 6*q - 9 = 3*q - n. Suppose 3*l + 2 = -q. What is f(l)?
-8
Let t(a) = 21*a**2 - 3*a + 3. Let f(v) = 4*v**2 - v. Let m(x) = 5*f(x) - t(x). Let z(y) = -y**2 - 10*y + 22. Let k be z(-12). What is m(k)?
-3
Let k(r) = r**2 + 11*r - 15. Let q(z) = z**2 + 5*z - 1897. Let p be q(41). What is k(p)?
-15
Let y(j) be the first derivative of -j**4/4 + 5*j**2/2 - 3*j - 1112. Let b(p) = p**2 + p - p - 3 - 5*p. Let f be b(6). Determine y(f).
-15
Let i = -10 + 12. Suppose i*o = 7*o. Let z(m) = 7 + 5 + 0 + m**3 + 2 - 17. Give z(o).
-3
Let p(z) be the second derivative of 2*z**3/3 - 143*z**2/2 - 811*z. Give p(33).
-11
Let q(f) = 33*f + 14. Let b be q(-2). Let t be (-8)/b + (-2 - (-186)/(-26)). Let d(x) = -2*x - 16. Give d(t).
2
Let o be 4 + 4*(0 - 20/8). Let n(j) = -j**2 - 10*j + 3. Let p be n(o). Suppose -13*v - p = 12. Let t(k) = k**2 + 2*k - 4. What is t(v)?
-1
Let o(w) be the third derivative of -39*w**4/8 - 545*w**3/2 - 2671*w**2. What is o(-14)?
3
Let i(l) = 10*l + 31158*l**3 - 31160*l**3 + 11*l**2 - 6 - 34*l**2. Give i(-12).
18
Let v(b) be the first derivative of b**4/4 - 7*b**3/3 + 11*b**2/2 - 10*b + 28. Let i be v(5). Let c(t) = -t - 11. Calculate c(i).
-6
Let j(p) be the third derivative of -p**4/24 + 3*p**2 + p + 247. Suppose 5*l = 25 + 15. Give j(l).
-8
Let c = 2288 - 2280. Let x(r) = -r**3 + 7*r**2 + 6*r + 12. What is x(c)?
-4
Let c(o) = -3*o + 70. Suppose 5*g + 72 - 198 = -4*z, -25 = -g - z. Determine c(g).
-8
Let a(g) = 2*g**3 + 97*g**2 + 46*g - 93. Let b be 11/1 + (277 - 336). Calculate a(b).
3
Let y = 11 - 0. Suppose 1 + y = 4*m. Let x(p) = -9*p + 1. Let s(g) = -14*g + 1. Let z(f) = -5*s(f) + 8*x(f). Calculate z(m).
-3
Let f(h) = 13*h**2 - 29*h + 366. Let u(d) = 4*d**2 - 10*d + 129. Let r(w) = 6*f(w) - 17*u(w). Determine r(1).
9
Let b(v) be the third derivative of 7/6*v**3 - 19*v - v**2 + 0 - 1/8*v**4. Determine b(6).
-11
Let o = 257 - 133. Let d = 120 - o. Let y(n) = -2*n - 3. Give y(d).
5
Let p(q) = -2*q**2 + 10*q - 166. Let o(u) = u**2 - 4*u + 69. Let y(l) = 12*o(l) + 5*p(l). Suppose 3*s - 6 = s. Calculate y(s).
22
Let p(n) = n**3 - n**2 - 4. Let h(l) = -4*l**3 + 8*l**3 + 172*l**2 - 178*l**2 - 21. Let k(u) = -2*h(u) + 11*p(u). What is k(-2)?
-22
Let v = -5962 - -5947. Let y(c) = c**3 + 16*c**2 + 11*c + 9. Determine y(v).
69
Let i be (-46)/(-6) + 11/33. Let b(v) = -8*v**2 + 183 - 4*v + i*v + v**3 + 4*v - 179. Give b(7).
11
Let g(r) = r**2 + 42*r - 64. Let k be g(-44). Let v(m) = 7*m - 2 + k*m**2 + 15*m**2 + 14*m**2 + 16*m**2 - 71*m**2. Determine v(2).
4
Let j(q) = -q**3 + 3*q + 2. Suppose 3*f + 12 = -n + 27, -2*f - 3*n = -3. Let i be 2 + (f - (2 + -3)) + -6. Calculate j(i).
-16
Let i(v) = 135*v - 4323. Let y be i(32). Let l(n) = -5*n**2 - 4*n + 3. Calculate l(y).
-30
Let x(c) be the first derivative of -c**4/4 - c**3 + c**2 - c + 1. Let l(y) = -10*y**2 - 2*y + 19. Let i be l(3). Let u = i - -75. Give x(u).
-9
Let b(k) = 5*k. Let a be b(4). Let c = -14 + a. Let v(s) be the first derivative of s**4/4 - 5*s**3/3 - 7*s**2/2 - 8754. Calculate v(c).
-6
Let m(c) = 73*c + 55*c - 98 - 110*c. Determine m(5).
-8
Let n(l) = -7*l**2 + 8*l - 2. Let g(p) be the third derivative of p**5/10 - p**4/4 + p**3/3 + p**2 + 12*p. Let b(k) = -6*g(k) - 5*n(k). Determine b(-3).
1
Let i(d) = d**3 + 57*d**2 + 116*d + 338. Let t be i(-55). Let v(m) be the first derivative of -m**2/2 - 4*m - 11. Determine v(t).
-12
Let p(h) = -8*h - h**3 - 8 - 7*h**2 + 7*h - 5*h. Let i be (6/5)/((-1)/5). Let k = 0 + i. Give p(k).
-8
Let o(r) be the second derivative of r**5/20 - 5*r**4/12 + r**3/3 + r**2 + 4*r - 305. Let u = 12 + -8. Calculate o(u).
-6
Let a be (1/2)/((-5)/210). Let k be a/14*32/(-6). Let r(w) = -31*w**2 + 24*w - 4. Let p(q) = -9*q**2 + 8*q - 1. Let j(f) = -7*p(f) + 2*r(f). What is j(k)?
-1
Let l(a) = -4*a**3 + 3*a**2 - 13*a - 3. Let z(b) = 31*b**3 - 22*b**2 + 95*b + 22. Let q(x) = -22*l(x) - 3*z(x). Let s = -1 - 0. Determine q(s).
4
Let i(u) be the second derivative of u**6/360 + 7*u**5/120 - u**4/6 - 79*u**3/3 + 23*u + 2. Let n(f) be the second derivative of i(f). Give n(-4).
-16
Let q = 2910 + -2889. Let v(m) = 5*m - 33. Let n(y) = y - 1. Let p(r) = -4*n(r) + v(r). What is p(q)?
-8
Let o(s) be the first derivative of 89*s**4/4 + s**2/2 + 1103. Give o(1).
90
Let x(d) = -2*d + 1. Let j(l) = -3*l + 2. Let p(g) = -4*j(g) + 7*x(g). Let u be (48/(-40))/((-3)/10). Calculate p(u).
-9
Let o(k) be the first derivative of -7*k + 1/4*k**4 + 4*k**2 - 23 - 7/3*k**3. What is o(6)?
5
Let a(x) = -75*x**3 + 141*x**3 + 3*x + 9*x**2 - 15*x**2 - 65*x**3 + 4. Let j be (1 + 1)/2 - -11. Suppose -j + 4 = -2*q. What is a(q)?
-16
Suppose 0 = -5*w - 2*b + 21, -4*w + 1 = -2*b - 5. Let v(y) = 24*y**3 + 5*y - 55*y**3 - 1 + 30*y**w - 2*y**2. Suppose -6 = 3*r + 6. What is v(r)?
11
Let q(k) = -3*k + 14. Let u(l) = -5*l - 209. Let i(b) = 6*q(b) + u(b). Calculate i(-6).
13
Let k be (10/6)/((-2)/6). Let z(q) = 5*q**2 - 48*q + 3. Let t(l) = -7*l**2 + 63*l - 2. Let o(r) = 3*t(r) + 4*z(r). Give o(k).
-4
Suppose 56*n - 61*n - 5 = 0. Let b(k) = 2*k + 14. Let o be b(-6). Let j(d) = 1 + d**3 + d**3 + 13*d - d**2 - 11*d + 3*d**o. Determine j(n).
-1
Let a(g) = -2*g + 4*g**3 + 3*g**2 - 5*g**3 + 2*g**3 - g**2 + 1. Suppose -13*d + 16*d - 12 = 0. Suppose -5*c + 0 = 2*n - 9, 2*c = 3*n - d. Determine a(c).
2
Let i(p) = 3*p - 9. Let c(k) = -k + 1. Let w(o) = -18*c(o) - 2*i(o). Suppose -t = 5*f + 22, 7732*f - 4*t = 7736*f + 40. Calculate w(f).
-36
Suppose -2*u + 5*p + 75 = 0, 14*u - 4*p = 11*u + 109. Let y(o) = -12 - u*o + 12*o + 22*o. Determine y(0).
-12
Let v be -5*-30*1/(-50). Let k(x) = -x**3 - 2*x**2 + 3*x - 6. Give k(v).
-6
Let t(p) = -4*p**2 + 7*p - 2. Let g be (-27 - -23)*(3 - (-21)/(-6)). Determine t(g).
-4
Suppose 3*r + 2*r = -5*l + 5, r - 5*l = 25. Let q = -169 - -171. Let z(m) = 4 - 22*m**q + 0*m + 10*m + 21*m**2 - 4*m. Give z(r).
9
Suppose 1399 + 5138 = -330*s + 597. Let r(m) = 8*m + 133. What is r(s)?
-11
Let j(x) be the third derivative of 4*x**2 + 0*x**4 + 6*x - 5/12*x**5 + 0*x**3 + 0. What is j(-1)?
-25
Suppose 0 = 5*o - 15, 5*o - 7 - 23 = 3*r. Let n(m) = m**2 - 3*m + 0*m + 5 + 0 - 2*m**2. What is n(r)?
-5
Suppose 2*h - 3 = 3*h. Let c be (9 - 4)*2/(-10). Let t(x) = 5*x - 1. Let f(p) = -p. Let r(q) = c*t(q) - 3*f(q). Give r(h).
7
Let b(x) be the first derivative of 2*x**3 + x + 1. Let w be (-5)/15 - ((-58)/3 + 18). What is b(w)?
7
Let i(a) = a**3 - 10*a**2 - a - 9. Suppose -3*z - 12 = 0, 27 - 1 = -w - 3*z. Let n be 20/(-9)*63/w. Determine i(n).
-19
Let y(m) be the second derivative of m**4/12 + 7*m**3/6 + 2*m**2 - 2*m. Suppose -2*l + 5*d + 23 = 0, 4*l = -d + 169 - 200. Give y(l).
-2
Let p(a) = 58*a + 3 - 14*a - 12*a - 14*a - 19*a. Suppose c + 4*t - 28 = 0, 4*c = 2*t + 76 + 18. Suppose 0 = -4*j - 0*j - c. Determine p(j).
9
Suppose -21*